{"id":152,"date":"2023-06-07T14:07:26","date_gmt":"2023-06-07T12:07:26","guid":{"rendered":"http:\/\/aepl.uu\/?page_id=152"},"modified":"2023-06-13T14:53:38","modified_gmt":"2023-06-13T12:53:38","slug":"nuestros-objetivos","status":"publish","type":"page","link":"https:\/\/aepl.eu\/es\/quienes-somos\/nuestros-objetivos\/","title":{"rendered":"Nuestros objetivos"},"content":{"rendered":"<ul>\n<li>Crear una red de librepensadores <strong>en Europa,<\/strong> que compartan valores humanistas y deseen contribuir activamente a la construcci\u00f3n del proyecto europeo<\/li>\n<li>Promover y\u00a0<strong>defender el libre pensamiento<\/strong> en particulier aupr\u00e8s des institutions europ\u00e9ennes, en suivant les principes explicit\u00e9s dans la Charte de l&rsquo;AEPL<\/li>\n<li>Participar en <strong>Art\u00edculo 17 di\u00e1logo<\/strong>\u00a0del Tratado de Lisboa (TFUE) junto a otras asociaciones filos\u00f3ficas y confesiones religiosas no confesionales.<\/li>\n<li>Aseg\u00farar la\u00a0<strong>separaci\u00f3n del Estado y<\/strong>\u00a0<strong>iglesias <\/strong>en el espacio europeo y promoverla<strong>\u00a0fuera de la UE<\/strong><\/li>\n<li>Promover una sociedad c\u00edvica en la que la comunicaci\u00f3n entre culturas diferentes se base en el di\u00e1logo y el respeto mutuo.\u00a0<strong>no dar rienda suelta a nivel europeo s\u00f3lo a las fuerzas religiosas y confesionales<\/strong><\/li>\n<li><strong>Defender y promover los derechos y libertades<\/strong>\u00a0expresada en la Carta de los Derechos Fundamentales de la Uni\u00f3n Europea<\/li>\n<li><strong>Lucha contra el populismo y el nacionalismo<\/strong>\u00a0que amenazan la paz<\/li>\n<li>Promover<strong>Estado de Derecho<\/strong>\u00a0y\u00a0<strong>libertades fundamentales<\/strong>\u00a0dentro y fuera de la UE.<\/li>\n<\/ul>","protected":false},"excerpt":{"rendered":"<p>Crear una red de librepensadores en Europa que compartan valores humanistas y deseen contribuir activamente a la construcci\u00f3n del proyecto europeo Promover y defender el librepensamiento, en particular ante las instituciones europeas, de acuerdo con los principios...<\/p>","protected":false},"author":1,"featured_media":0,"parent":94,"menu_order":3,"comment_status":"closed","ping_status":"closed","template":"","meta":{"_acf_changed":false,"footnotes":""},"categories":[],"tags":[],"class_list":["post-152","page","type-page","status-publish","hentry"],"acf":[],"_links":{"self":[{"href":"https:\/\/aepl.eu\/es\/wp-json\/wp\/v2\/pages\/152","targetHints":{"allow":["GET"]}}],"collection":[{"href":"https:\/\/aepl.eu\/es\/wp-json\/wp\/v2\/pages"}],"about":[{"href":"https:\/\/aepl.eu\/es\/wp-json\/wp\/v2\/types\/page"}],"author":[{"embeddable":true,"href":"https:\/\/aepl.eu\/es\/wp-json\/wp\/v2\/users\/1"}],"replies":[{"embeddable":true,"href":"https:\/\/aepl.eu\/es\/wp-json\/wp\/v2\/comments?post=152"}],"version-history":[{"count":0,"href":"https:\/\/aepl.eu\/es\/wp-json\/wp\/v2\/pages\/152\/revisions"}],"up":[{"embeddable":true,"href":"https:\/\/aepl.eu\/es\/wp-json\/wp\/v2\/pages\/94"}],"wp:attachment":[{"href":"https:\/\/aepl.eu\/es\/wp-json\/wp\/v2\/media?parent=152"}],"wp:term":[{"taxonomy":"category","embeddable":true,"href":"https:\/\/aepl.eu\/es\/wp-json\/wp\/v2\/categories?post=152"},{"taxonomy":"post_tag","embeddable":true,"href":"https:\/\/aepl.eu\/es\/wp-json\/wp\/v2\/tags?post=152"}],"curies":[{"name":"wp","href":"https:\/\/api.w.org\/{rel}","templated":true}]}}

<ul>
<li>Crear una red de librepensadores <strong>en Europa,</strong> que compartan valores humanistas y deseen contribuir activamente a la construcción del proyecto europeo</li>
<li>Promover y <strong>defender el libre pensamiento</strong> en particulier auprès des institutions européennes, en suivant les principes explicités dans la Charte de l&rsquo;AEPL</li>
<li>Participar en <strong>Artículo 17 diálogo</strong> del Tratado de Lisboa (TFUE) junto a otras asociaciones filosóficas y confesiones religiosas no confesionales.</li>
<li>Asegúrar la <strong>separación del Estado y</strong> <strong>iglesias </strong>en el espacio europeo y promoverla<strong> fuera de la UE</strong></li>
<li>Promover una sociedad cívica en la que la comunicación entre culturas diferentes se base en el diálogo y el respeto mutuo. <strong>no dar rienda suelta a nivel europeo sólo a las fuerzas religiosas y confesionales</strong></li>
<li><strong>Defender y promover los derechos y libertades</strong> expresada en la Carta de los Derechos Fundamentales de la Unión Europea</li>
<li><strong>Lucha contra el populismo y el nacionalismo</strong> que amenazan la paz</li>
<li>Promover<strong>Estado de Derecho</strong> y <strong>libertades fundamentales</strong> dentro y fuera de la UE.</li>
</ul>

<p>Crear una red de librepensadores en Europa que compartan valores humanistas y deseen contribuir activamente a la construcción del proyecto europeo Promover y defender el librepensamiento, en particular ante las instituciones europeas, de acuerdo con los principios...</p>
