{"id":744,"date":"2023-10-20T09:32:52","date_gmt":"2023-10-20T07:32:52","guid":{"rendered":"https:\/\/aepl.eu\/?page_id=744"},"modified":"2023-10-20T09:44:51","modified_gmt":"2023-10-20T07:44:51","slug":"europe-terre-dasile","status":"publish","type":"page","link":"https:\/\/aepl.eu\/de\/themen\/europe-terre-dasile\/","title":{"rendered":"Europa, Land des Asyls"},"content":{"rendered":"<h2>Europa, vom politischen Fl\u00fcchtling zum Klimafl\u00fcchtling<\/h2>\n<p>Millionen von Menschen sind weltweit gezwungen, ihre Heimat zu verlassen. Diese Migrationsbewegungen werden in Korrelation zu Natur- und Umweltkatastrophen zunehmen. Derzeit wird nur die politische Migration mit dem Recht auf Asyl ber\u00fccksichtigt. Die Genfer Fl\u00fcchtlingskonvention vom 28. Juli 1951 und das Protokoll von 1967 \u00fcber die Rechtsstellung der Fl\u00fcchtlinge, die von 145 Staaten ratifiziert wurden, begr\u00fcnden die v\u00f6lkerrechtliche Verpflichtung der Staaten zur Nichtzur\u00fcckweisung von Fl\u00fcchtlingen und Asylsuchenden. Diese Verpflichtung wurde vom Gesetzgeber zum Schutz von Fl\u00fcchtlingen geschaffen.<\/p>\n<p>In diesem Sinne geht es darum, nach Mitteln und Wegen zu suchen, die es erm\u00f6glichen, Bedingungen f\u00fcr den Schutz der Menschenrechte f\u00fcr diejenigen aufzubauen, die Opfer von Naturkatastrophen oder Umweltverschmutzung sind, damit sie besser versorgt werden k\u00f6nnen.<\/p>\n<p>Die klimatische Verantwortung ist schwer oder gar nicht zu bestimmen, doch sollte dies die Entwicklung spezifischer Ma\u00dfnahmen zum Schutz von Menschen, die aufgrund von Natur- oder Umweltkatastrophen gezwungen sind, ihre Heimat zu verlassen, nicht verhindern. Europa hat zweifellos eine besondere Verantwortung, diese \u00dcberlegungen in Gang zu setzen: Es ist H\u00fcter des derzeitigen Fl\u00fcchtlingsstatus, den es geschaffen hat, und wird wie viele andere L\u00e4nder schnell mit diesem in der Geschichte der Menschheit noch nie dagewesenen Ph\u00e4nomen konfrontiert werden.<\/p>\n<p>Migration ist in manchen F\u00e4llen unvermeidbar, Staaten sollten Instrumente schaffen, um die Verpflichtungen zu messen und so auf den Schaden reagieren zu k\u00f6nnen, Abschiebungssituationen vermeiden. Auch wenn es rechtlich nahezu unm\u00f6glich ist, einen Status f\u00fcr Klimamigranten zu definieren, sollte es m\u00f6glich sein, Einzelpersonen zu sch\u00fctzen.<\/p>\n<p>Ziel ist die Schaffung eines Klimafl\u00fcchtlingsstatus und dessen Umsetzung, die sich mit den folgenden Unterzielen umsetzen lie\u00dfe:<\/p>\n<ul>\n<li>Den Status des politischen Fl\u00fcchtlings mit dem des Umweltfl\u00fcchtlings korrelieren ;<\/li>\n<li>Eine Bestandsaufnahme des V\u00f6lkerrechts machen ;<\/li>\n<li>Suche nach allen m\u00f6glichen Blockadepunkten und Hebeln f\u00fcr Europa<\/li>\n<li>Argumentationshilfen liefern<\/li>\n<li>Analysen verfassen, die es erm\u00f6glichen, den verbleibenden Weg zu verfolgen<\/li>\n<li>Organisieren Sie einen \u00dcberblick \u00fcber das Thema<\/li>\n<li>Aktive Vertretung der Interessengruppe bei den europ\u00e4ischen Institutionen<\/li>\n<\/ul>\n<p>Die Gruppe wird sich haupts\u00e4chlich per Videokonferenz treffen<\/p>","protected":false},"excerpt":{"rendered":"<p>Europa, vom politischen Fl\u00fcchtling zum Klimafl\u00fcchtling Millionen von Menschen sind weltweit gezwungen, ihre Heimat zu verlassen. Diese Migrationsbewegungen werden korrelativ zu Natur- und Umweltkatastrophen zunehmen. Derzeit wird nur die politische Migration ber\u00fccksichtigt....<\/p>","protected":false},"author":1,"featured_media":748,"parent":102,"menu_order":7,"comment_status":"closed","ping_status":"closed","template":"","meta":{"_acf_changed":false,"footnotes":""},"categories":[],"tags":[],"class_list":["post-744","page","type-page","status-publish","has-post-thumbnail","hentry"],"acf":[],"_links":{"self":[{"href":"https:\/\/aepl.eu\/de\/wp-json\/wp\/v2\/pages\/744","targetHints":{"allow":["GET"]}}],"collection":[{"href":"https:\/\/aepl.eu\/de\/wp-json\/wp\/v2\/pages"}],"about":[{"href":"https:\/\/aepl.eu\/de\/wp-json\/wp\/v2\/types\/page"}],"author":[{"embeddable":true,"href":"https:\/\/aepl.eu\/de\/wp-json\/wp\/v2\/users\/1"}],"replies":[{"embeddable":true,"href":"https:\/\/aepl.eu\/de\/wp-json\/wp\/v2\/comments?post=744"}],"version-history":[{"count":0,"href":"https:\/\/aepl.eu\/de\/wp-json\/wp\/v2\/pages\/744\/revisions"}],"up":[{"embeddable":true,"href":"https:\/\/aepl.eu\/de\/wp-json\/wp\/v2\/pages\/102"}],"wp:featuredmedia":[{"embeddable":true,"href":"https:\/\/aepl.eu\/de\/wp-json\/wp\/v2\/media\/748"}],"wp:attachment":[{"href":"https:\/\/aepl.eu\/de\/wp-json\/wp\/v2\/media?parent=744"}],"wp:term":[{"taxonomy":"category","embeddable":true,"href":"https:\/\/aepl.eu\/de\/wp-json\/wp\/v2\/categories?post=744"},{"taxonomy":"post_tag","embeddable":true,"href":"https:\/\/aepl.eu\/de\/wp-json\/wp\/v2\/tags?post=744"}],"curies":[{"name":"wp","href":"https:\/\/api.w.org\/{rel}","templated":true}]}}

<h2>Europa, vom politischen Flüchtling zum Klimaflüchtling</h2>
<p>Millionen von Menschen sind weltweit gezwungen, ihre Heimat zu verlassen. Diese Migrationsbewegungen werden in Korrelation zu Natur- und Umweltkatastrophen zunehmen. Derzeit wird nur die politische Migration mit dem Recht auf Asyl berücksichtigt. Die Genfer Flüchtlingskonvention vom 28. Juli 1951 und das Protokoll von 1967 über die Rechtsstellung der Flüchtlinge, die von 145 Staaten ratifiziert wurden, begründen die völkerrechtliche Verpflichtung der Staaten zur Nichtzurückweisung von Flüchtlingen und Asylsuchenden. Diese Verpflichtung wurde vom Gesetzgeber zum Schutz von Flüchtlingen geschaffen.</p>
<p>In diesem Sinne geht es darum, nach Mitteln und Wegen zu suchen, die es ermöglichen, Bedingungen für den Schutz der Menschenrechte für diejenigen aufzubauen, die Opfer von Naturkatastrophen oder Umweltverschmutzung sind, damit sie besser versorgt werden können.</p>
<p>Die klimatische Verantwortung ist schwer oder gar nicht zu bestimmen, doch sollte dies die Entwicklung spezifischer Maßnahmen zum Schutz von Menschen, die aufgrund von Natur- oder Umweltkatastrophen gezwungen sind, ihre Heimat zu verlassen, nicht verhindern. Europa hat zweifellos eine besondere Verantwortung, diese Überlegungen in Gang zu setzen: Es ist Hüter des derzeitigen Flüchtlingsstatus, den es geschaffen hat, und wird wie viele andere Länder schnell mit diesem in der Geschichte der Menschheit noch nie dagewesenen Phänomen konfrontiert werden.</p>
<p>Migration ist in manchen Fällen unvermeidbar, Staaten sollten Instrumente schaffen, um die Verpflichtungen zu messen und so auf den Schaden reagieren zu können, Abschiebungssituationen vermeiden. Auch wenn es rechtlich nahezu unmöglich ist, einen Status für Klimamigranten zu definieren, sollte es möglich sein, Einzelpersonen zu schützen.</p>
<p>Ziel ist die Schaffung eines Klimaflüchtlingsstatus und dessen Umsetzung, die sich mit den folgenden Unterzielen umsetzen ließe:</p>
<ul>
<li>Den Status des politischen Flüchtlings mit dem des Umweltflüchtlings korrelieren ;</li>
<li>Eine Bestandsaufnahme des Völkerrechts machen ;</li>
<li>Suche nach allen möglichen Blockadepunkten und Hebeln für Europa</li>
<li>Argumentationshilfen liefern</li>
<li>Analysen verfassen, die es ermöglichen, den verbleibenden Weg zu verfolgen</li>
<li>Organisieren Sie einen Überblick über das Thema</li>
<li>Aktive Vertretung der Interessengruppe bei den europäischen Institutionen</li>
</ul>
<p>Die Gruppe wird sich hauptsächlich per Videokonferenz treffen</p>

<p>Europa, vom politischen Flüchtling zum Klimaflüchtling Millionen von Menschen sind weltweit gezwungen, ihre Heimat zu verlassen. Diese Migrationsbewegungen werden korrelativ zu Natur- und Umweltkatastrophen zunehmen. Derzeit wird nur die politische Migration berücksichtigt....</p>
